 1 = -t. Let m be (-2)/t + (-25)/15. Let w(l) = l**2 - l - 2. Let d be w(m). Calculate r(d).
-2
Suppose 76*n + 246 = 79*n. Let i = n + -87. Let y(c) = c**2 + 2*c - 6. Calculate y(i).
9
Let p(j) = -j**3 + 10*j**2 + 4. Let n be (-45)/(-27)*3 + 5*1. Determine p(n).
4
Let n(y) = -9*y - 31. Let s(k) = 8*k + 30. Let i(d) = 3*n(d) + 2*s(d). Let l be i(-3). Let r(m) be the first derivative of -m**2/2 + m - 1. Determine r(l).
1
Let x(r) = r**2 + r. Let g(h) = 2*h**3 + 3*h**2 + h - 1. Let q be (-2)/7 - (57/21 + -2). Let f be g(q). Calculate x(f).
0
Let v(r) be the third derivative of r**4/6 - r**3/6 - 7*r**2 + 2. Calculate v(2).
7
Let g(b) be the third derivative of -b**4/6 + 2*b**3/3 - 58*b**2 + 2. Give g(-2).
12
Suppose 16*k = 18*k + 2*v + 8, -3*k + 13 = -2*v. Let g(c) = -7*c**2 + 1. What is g(k)?
-6
Let h(q) be the second derivative of -5*q**4/12 + q**3/3 + q**2 + 82*q. Let x(y) = y**3 - 6*y**2 + y - 4. Let d be x(6). Calculate h(d).
-14
Let n(s) = 3*s**3 + 4*s**2 - s - 1. Let w be n(-2). Let c(a) = a**2 + 5*a - 13. Determine c(w).
1
Let z(w) = 1 + 8*w - w**2 + 2 - 4. Let x be (-6)/(-2)*(19 - 18). Suppose 2*f = -x*f + 30. Calculate z(f).
11
Suppose 5*r + 0*r = 0. Suppose 0 = 4*b - r*b + 28. Let j(q) be the first derivative of q**2 + 7*q + 97. Calculate j(b).
-7
Suppose 0 = 5*x - 15, 14*k - 10*k - 5 = 5*x. Let s(y) = y + 5. Determine s(k).
10
Suppose -3*o + 15 = -4*v, -4*v - 4 = 3*o - 19. Suppose -5*z + 30 = -v*z. Let u(d) = -d**3 + 5*d**2 + 6*d - 8. What is u(z)?
-8
Let z(a) = 236*a - 35 - 433*a + 199*a. Give z(22).
9
Let u(w) = -22*w - 30. Let s(g) = -14*g - 20. Let o(b) = -8*s(b) + 5*u(b). Give o(8).
26
Let w(q) be the third derivative of q**4/4 - 2*q**3/3 - 50*q**2. Give w(-4).
-28
Let u be 32/6 - -9*44/(-297). Let l(h) = h**3 - 3*h**2 - 6*h + 6. Give l(u).
-2
Let y(a) = -a + 1. Let i(r) = r + 1. Suppose -3*j - 9 = -o, -16 = 3*j - 4. Let f = o - -2. Let g(z) = f*y(z) - 2*i(z). What is g(5)?
-8
Let h(j) = -3*j**3 - 11*j**2 - 18*j - 13. Let k(m) = 2*m**3 + 7*m**2 + 12*m + 9. Let r(b) = -5*h(b) - 7*k(b). Let f = 15 - 20. Give r(f).
-3
Let y(w) be the first derivative of -40*w**3/3 - 137. Give y(1).
-40
Let q(a) = a**2 + 17*a - 15. Let z be q(-18). Suppose 0 = -4*b + z - 15. Let m(s) = 3*s. Give m(b).
-9
Let g be (-5 + 6)/((-2)/8). Let y be 3/(g + 1)*-2. Let j(d) = -d**2 + 7*d**3 - 7*d + 9*d - 3 + y - d**2. Determine j(1).
6
Let m = -1333 - -1348. Let s(r) = -r**2 + 15*r - 23. Calculate s(m).
-23
Let w(d) = 130*d**2 + d**3 - 126*d**2 + 1 - 4*d - 4. Determine w(-5).
-8
Let j be ((-18)/12)/((-1)/4). Let m(a) = 8*a**2 + 12*a + 6. Let c(u) = 9*u**2 + 13*u + 7. Let s = 7 - 14. Let d(b) = j*c(b) + s*m(b). Determine d(-4).
-8
Let q be 117/15 - -10*14/(-175). Let f(a) = a**2 - 10*a - 9. Calculate f(q).
-30
Let q(t) = -5*t**3 - 7*t**2 + 2*t + 14. Let w(u) = 17*u**3 + 22*u**2 - 7*u - 43. Let p(l) = 7*q(l) + 2*w(l). Calculate p(-3).
-6
Let r(n) be the third derivative of n**4/4 + 37*n**3/6 - 22*n**2 - n. Calculate r(-6).
1
Let b = 20 + -14. Suppose 2*r - 10 - b = 0. Suppose 0 = -2*p - r, -7 - 1 = -3*l - p. Let w(a) = 2*a - 4. Calculate w(l).
4
Let p(q) = 30 + 7*q - 16 - 17 - q**2 + 0*q**2. Let s be (-4)/(-10) - 39/(-15). Suppose 0 = s*x - 14 - 1. Calculate p(x).
7
Let m(f) = f + 76 - 206 + 122. Calculate m(3).
-5
Let j(y) = -9*y**2 + 5*y - 7. Let a(x) = -14*x**2 + 8*x - 11. Suppose 3 = 3*s + 33. Let t = s + 15. Let i(h) = t*a(h) - 8*j(h). Give i(2).
9
Let l = -12 - -19. Let r(d) be the first derivative of -d**4/4 + 7*d**3/3 + d**2/2 - 5*d + 29. Give r(l).
2
Let n(c) = -c**2 - 8*c + 2. Let a be n(-8). Let b(p) = 2*p**2. Determine b(a).
8
Let q(a) be the second derivative of -a + 7 - 1/4*a**4 + 1/20*a**5 - 1/3*a**3 + a**2. Calculate q(2).
-6
Let x(d) be the second derivative of d**4/12 + 7*d**3/6 + 11*d**2/2 - 42*d. Calculate x(-6).
5
Let d(s) = s**2. Let q be ((-8)/8)/((-2)/6). Suppose 5*x = -5*v + 12 + 18, 5*v = q*x - 2. Suppose v*y = -1 - 5. What is d(y)?
9
Let y(d) = -4*d**3 + 10*d**2 + 4. Let g(t) = 3*t**3 - 8*t**2 - 3. Let l(s) = -5*g(s) - 4*y(s). Calculate l(-1).
-2
Let h(j) be the first derivative of -j**3/3 - 3*j**2 + 10*j + 558. What is h(-9)?
-17
Let f = 249 - 242. Let x(b) = b + 7. Give x(f).
14
Let j = -18 - -17. Let x(m) be the first derivative of -m**4/4 - m**3 - m**2/2 - 479. Calculate x(j).
-1
Suppose 0 = -5*k + 3*b + 138, 3*k - 5*b - 82 = -12. Suppose -1 = -3*v + 5*u, 2*v + 2*u = -2*u + k. Let c(y) = -y + 6. Calculate c(v).
-1
Let u be (((-4)/3)/(-4))/(3/9). Suppose 4*w - 3*w + u = 0. Let k(a) = -a**3 - 3*a**2 + 1. Determine k(w).
-1
Let i(b) = b - 4. Let t(n) = 2*n - 9. Let p(z) = 9*i(z) - 4*t(z). Let l(y) = -y - 3*y + 4*y - y. Let x(q) = 2*l(q) + 3*p(q). Calculate x(-1).
-1
Let w = -62 - -67. Let b(n) = -13*n**2 + 5*n**2 + w*n**2 + 4*n**2 - 1. Give b(2).
3
Suppose 12*z + 22 = -62. Let s(b) = -3 + 4 + 2 + 3 - b. Determine s(z).
13
Let g(t) = -3*t - 17. Let p(r) be the second derivative of -5*r**3/6 - 25*r**2/2 - 5*r. Let u(k) = 8*g(k) - 5*p(k). Determine u(6).
-5
Let k(p) = 2*p**2 - 6*p + 3. Suppose -4*x + 7 = 3*t - 3*x, 5*x = 2*t - 16. Let b be k(t). Let l(y) = -1 + 2 + 0*y + 2*y - b*y**2 + 0*y. Give l(-1).
-4
Let m(z) = -15*z + 21*z + 1 - 13*z + 7 + z**2. Calculate m(7).
8
Let j(u) = -u - 2. Let l = 171 - 173. Determine j(l).
0
Let g(w) = w**3 + 4*w**2 - 8*w - 7. Let u(o) = -o**2 - 14*o - 11. Let a be u(-13). Suppose 29 = -4*f + 3*h, 3*h - 15 = -a*h. Determine g(f).
8
Let s(a) = a**2 + 6*a - 5*a + 5*a. Let u(q) = 3*q**2 + 13*q. Suppose 4*b = -67 + 87. Let w(t) = b*s(t) - 2*u(t). Give w(2).
4
Suppose -l = -0*s - 4*s + 6, -2*s - 4 = -4*l. Suppose 0 = z - s*z. Let h(y) be the third derivative of -y**4/24 + 7*y**3/6 - 3*y**2. Give h(z).
7
Suppose 9*v - 37 = -28. Let i(j) = j**3 + j**2 + j - 1. Calculate i(v).
2
Let x(l) = 3*l**3 - l**2 - 3*l + 3. Let u be x(1). Let q(k) = 4*k**2 + 7*k + k - 5*k**2 + u - 10. Calculate q(6).
4
Let x(g) = -g + 23. Let q be (44/(-8) - 2)*8/12. Let y(w) = 3*w - 47. Let d(z) = q*x(z) - 2*y(z). Give d(0).
-21
Let y(p) = 7*p + 1. Let q = -235 - -236. Calculate y(q).
8
Suppose 49 = -32*u - 15. Let k(r) = -r**3 - 3*r - 2. Determine k(u).
12
Let z be 16/6*(-3 + 36/8). Let q(d) = -d**2. Let m(k) = 33 - 17 - 5*k**2 + 5*k - 17. Let b(h) = m(h) - 4*q(h). Determine b(z).
3
Suppose -5*c = -2*l - 3*c - 8, -c + 9 = 4*l. Let b be -2 - (-6 + l + 2 - -3). Let z(f) = -10*f - 2. Give z(b).
18
Suppose -i = -3, 2*z + 2*z = 4*i. Let r(q) be the first derivative of -1/3*q**z - 8 + 0*q + 3/2*q**2. Determine r(3).
0
Let w(l) be the third derivative of l**4/8 - l**3/2 - 2*l**2 - 25. Calculate w(-5).
-18
Let d(k) be the first derivative of k**4/4 + k**3 - k**2/2 - 21. Suppose 0 = 3*r - 22*r - 57. Calculate d(r).
3
Let i(y) be the third derivative of y**5/20 - y**3/3 + 2*y**2 - 16. Suppose -24 = 4*l + 5*k + 4, -4*k = -3*l + 10. Calculate i(l).
10
Let n(q) = 12*q**2 + 17*q + 22. Let b(r) = -19*r**2 - 26*r - 34. Let m(w) = 5*b(w) + 8*n(w). Give m(-5).
1
Let g(w) = -w**2 - 6*w + 9. Let x be g(-6). Let v(h) = 2*h + x - 6 - h. What is v(-4)?
-1
Let i = -96 - -99. Let y(a) = 5*a**2 + 5*a**3 - 8*a**i + 2*a**3 - 7. Calculate y(5).
-7
Let w(n) = n + 16. Suppose 3*v - 6 = 27. Give w(v).
27
Let j(m) = -10*m - 3 + 6*m - 3*m. Let f(l) = 21*l + 9. Let v = 0 - 7. Let g(o) = v*j(o) - 2*f(o). Give g(-2).
-11
Let d(a) = -a**3 - 7*a**2 - 5*a + 3. Let y(j) = j**2 - 20*j - 40. Let u be y(19). Let s = u - -53. Calculate d(s).
-3
Let a = 51 - 46. Let w(f) = -7*f**3 - 5 + 7*f**3 + 4*f + a*f**2 - f**3. What is w(5)?
15
Suppose n + 5*b = -3, 0 = 2*n - 5*b - 24 - 0. Let v(o) = -n + o**3 + 0 - 1 + o - o**2 + 4. What is v(0)?
-4
Let m(w) = w**3 - 8*w**2 - 5*w - 26. Let i be m(9). Let r(b) = b**2 - 7*b - 25. What is r(i)?
5
Suppose -3*f - 36 = -3*w, 14*w - 2*f - 17 = 13*w. Let g(i) = -9 - 7*i - 6*i**2 + 6*i**3 + 2*i - 2*i**3 - 3*i**3. Calculate g(w).
5
Let r(l) = -8*l - 16. Let o be r(-7). Let h = o - 37. Let q(u) = u**3 - 3*u**2 + 5*u - 3. Determine q(h).
12
Suppose 0 = -5*h + 2*v + 35, h + 6 - 31 = 4*v. Let g(w) = -w. Let z be g(-5). Let j(t) = t**3 + h*t + 5*t + 5*t**2 + z - 1 - 5*t. Calculate j(-3).
7
Let b(r) = r**3 + 5*r**2 - 4*r + 8. Let q be b(-6). Suppose 0*v = -5*v + 10. Let i(w) = 1 + 5*w + 0*w**v - 2*w**2 + 3*w**2. Determine i(q).
-3
Let o = -3 - -8. Let x(g)